41
What is 10 (base 3) in base 4?
3
Convert 1 (base 12) to base 8.
1
What is 22 (base 13) in base 9?
31
2c (base 13) to base 5
123
What is 0 (base 6) in base 13?
0
Convert -1 (base 5) to base 2.
-1
What is 9 (base 12) in base 15?
9
Convert -2 (base 13) to base 4.
-2
Convert 5 (base 6) to base 11.
5
What is -2 (base 4) in base 8?
-2
-4 (base 8) to base 10
-4
203 (base 5) to base 12
45
-11 (base 10) to base 6
-15
Convert 1 (base 8) to base 9.
1
What is b (base 13) in base 7?
14
Convert -101 (base 2) to base 9.
-5
-15 (base 8) to base 6
-21
Convert 121 (base 15) to base 7.
514
-7 (base 8) to base 13
-7
10 (base 2) to base 13
2
4 (base 5) to base 13
4
3 (base 13) to base 3
10
What is -2 (base 7) in base 2?
-10
-63 (base 7) to base 15
-30
What is 31 (base 6) in base 4?
103
Convert -20 (base 9) to base 12.
-16
Convert -38 (base 12) to base 2.
-101100
What is 0 (base 7) in base 16?
0
3 (base 10) to base 2
11
Convert -1 (base 8) to base 16.
-1
-2 (base 11) to base 13
-2
What is 2002 (base 3) in base 15?
3b
Convert 2 (base 4) to base 10.
2
What is 312 (base 9) in base 3?
100102
Convert -9 (base 12) to base 11.
-9
-1 (base 6) to base 16
-1
1 (base 16) to base 10
1
What is -22 (base 4) in base 2?
-1010
What is 0 (base 7) in base 16?
0
What is -74 (base 10) in base 7?
-134
Convert 224 (base 5) to base 16.
40
-14 (base 11) to base 6
-23
What is -1002 (base 3) in base 16?
-1d
What is 8 (base 9) in base 13?
8
-64 (base 16) to base 7
-202
-25 (base 11) to base 4
-123
Convert -2 (base 5) to base 11.
-2
What is -22 (base 9) in base 13?
-17
What is 3 (base 7) in base 4?
3
What is -36 (base 15) in base 16?
-33
-77 (base 9) to base 15
-4a
-3b (base 12) to base 3
-1202
124 (base 7) to base 6
151
What is 2 (base 3) in base 10?
2
Convert 100 (base 2) to base 7.
4
-5 (base 15) to base 10
-5
Convert 1b (base 14) to base 6.
41
25 (base 16) to base 4
211
273 (base 9) to base 10
228
What is -111 (base 4) in base 2?
-10101
What is a (base 11) in base 16?
a
What is -2 (base 9) in base 15?
-2
-108 (base 10) to base 7
-213
What is -12 (base 3) in base 4?
-11
52 (base 13) to base 3
2111
What is -1 (base 8) in base 7?
-1
-20 (base 7) to base 16
-e
Convert 32 (base 11) to base 15.
25
-17 (base 11) to base 6
-30
Convert -202 (base 5) to base 9.
-57
10001 (base 2) to base 14
13
-166 (base 8) to base 14
-86
Convert 5 (base 7) to base 16.
5
Convert 0 (base 2) to base 15.
0
Convert -58 (base 11) to base 14.
-47
Convert 210 (base 8) to base 12.
b4
What is -11 (base 10) in base 5?
-21
Convert -15 (base 8) to base 10.
-13
Convert -10 (base 4) to base 11.
-4
271 (base 8) to base 4
2321
76 (base 16) to base 3
11101
Convert 141 (base 10) to base 16.
8d
Convert 11a (base 16) to base 4.
10122
Convert -14 (base 15) to base 7.
-25
Convert -17 (base 16) to base 11.
-21
Convert 2c (base 14) to base 7.
55
What is 320 (base 7) in base 4?
2201
Convert -51 (base 9) to base 7.
-64
Convert -1e (base 15) to base 14.
-21
24 (base 9) to base 2
10110
Convert -231 (base 7) to base 4.
-1320
3212 (base 4) to base 15
105
216 (base 9) to base 4
2301
Convert 10001 (base 2) to base 13.
14
What is -9 (base 13) in base 10?
-9
Convert -10 (base 6) to base 4.
-12
-13 (base 14) to base 4
-101
1 (base 11) to base 14
1
-242 (base 6) to base 14
-70
3 (base 9) to base 4
3
Convert -1341 (base 5) to base 6.
-1005
What is 11111101 (base 2) in base 9?
311
11100 (base 2) to base 11
26
What is 0 (base 10) in base 5?
0
3 (base 5) to base 6
3
Convert -2 (base 16) to base 13.
-2
What is 10010000 (base 2) in base 8?
220
-49 (base 11) to base 9
-58
What is -1 (base 7) in base 8?
-1
What is -57 (base 10) in base 8?
-71
What is 0 (base 2) in base 13?
0
30 (base 5) to base 10
15
-16 (base 16) to base 10
-22
Convert 108 (base 11) to base 3.
11210
Convert -c (base 15) to base 2.
-1100
Convert 2 (base 15) to base 9.
2
366 (base 7) to base 15
d0
0 (base 11) to base 13
0
-50 (base 8) to base 11
-37
-1312 (base 4) to base 3
-11101
11011011 (base 2) to base 9
263
0 (base 14) to base 7
0
Convert -42 (base 7) to base 4.
-132
143 (base 5) to base 13
39
What is -1 (base 9) in base 5?
-1
What is -56 (base 10) in base 5?
-211
Convert 5d (base 16) to base 13.
72
What is 3 (base 6) in base 4?
3
What is 72 (base 9) in base 10?
65
Convert -2213 (base 5) to base 10.
-308
What is -3110 (base 4) in base 9?
-255
31 (base 15) to base 10
46
-100 (base 5) to base 7
-34
What is 20 (base 12) in base 9?
26
1 (base 5) to base 6
1
What is -110010 (base 2) in base 5?
-200
What is 1 (base 13) in base 9?
1
2 (base 6) to base 8
2
Convert -44 (base 5) to base 6.
-40
Convert -1 (base 6) to base 10.
-1
-401 (base 7) to base 4
-3011
Convert -23 (base 13) to base 3.
-1002
-10102 (base 3) to base 8
-134
What is -111 (base 2) in base 11?
-7
What is -4 (base 10) in base 2?
-100
Convert 22 (base 5) to base 2.
1100
What is 50 (base 9) in base 13?
36
Convert b (base 12) to base 13.
b
c (base 13) to base 10
12
-4 (base 15) to base 2
-100
Convert -55 (base 10) to base 6.
-131
Convert 15b (base 12) to base 10.
215
What is -2 (base 11) in base 9?
-2
Convert 91 (base 11) to base 16.
64
-93 (base 11) to base 14
-74
Convert -4 (base 10) to base 2.
-100
Convert 10010100 (base 2) to base 15.
9d
What is -53 (base 13) in base 7?
-125
What is 140 (base 11) in base 2?
10100101
What is -18 (base 14) in base 7?
-31
Convert 43 (base 7) to base 14.
23
Convert -19 (base 16) to base 9.
-27
What is 222 (base 6) in base 15?
5b
What is -3 (base 13) in base 10?
-3
5 (base 12) to base 8
5
-2 (base 12) to base 14
-2
What is -1224 (base 5) in base 7?
-360
-116 (base 12) to base 3
-20000
7 (base 15) to base 7
10
What is 18 (base 10) in base 7?
24
What is -6 (base 10) in base 8?
-6
What is -30 (base 12) in base 4?
-210
Convert 43 (base 13) to base 15.
3a
What is -9 (base 11) in base 14?
-9
-356 (base 9) to base 10
-294
Convert -10 (base 12) to base 10.
-12
Convert 21 (base 3) to base 4.
13
Convert -3 (base 7) to base 15.
-3
Convert 4 (base 11) to base 14.
4
29 (base 15) to base 10
39
101 (base 12) to base 11
122
Convert -5 (base 12) to base 14.
-5
What is -3 (base 11) in base 13?
-3
Convert 22 (base 4) to base 13.
a
Convert -2a (base 11) to base 3.
-1012
What is 26 (base 8) in base 6?
34
What is -50 (base 13) in base 9?
-72
Convert -14 (base 6) to base 12.
-a
121 (base 9) to base 15
6a
What is -3 (base 8) in base 4?
-3
76 (base 12) to base 9
110
110 (base 6) to base 14
30
1 (base 5) to base 15
1
Convert 15 (base 7) to base 2.
1100
What is 10001100 (base 2) in base 8?
214
What is 20 (base 7) in base 14?
10
What is 13 (base 7) in base 3?
101
7 (base 16) to base 14
7
19d (base 14) to base 4
11033
-57 (base 10) to base 14
-41
What is 203 (base 5) in base 2?
110101
40 (base 5) to base 9
22
c (base 14) to base 15
c
Convert 0 (base 3) to base 12.
0
23 (base 6) to base 12
13
What is 1 (base 3) in base 9?
1
1 (base 15) to base 11
1
-32 (base 8) to base 14
-1c
What is 13 (base 4) in base 11?
7
What is -20 (base 15) in base 7?
-42
What is 35 (base 8) in base 14?
21
Convert 4 (base 8) to base 15.
4
Convert 127 (base 9) to base 3.
10221
-1b (base 16) to base 9
-30
-1f (base 16) to base 8
-37
Convert -1102 (base 3) to base 8.
-46
What is -14 (base 6) in base 3?
-101
Convert -5b (base 13) to base 16.
-4c
-21 (base 3) to base 4
-13
-2 (base 10) to base 11
-2
Convert -1 (base 7) to base 16.
-1
-4 (base 12) to base 11
-4
Convert -2 (base 9) to base 13.
-2
Convert -162 (base 9) to base 6.
-345
-78 (base 13) to base 9
-120
Convert 89 (base 16) to base 4.
2021
What is 0 (base 12) in base 16?
0
11 (base 3) to base 9
4
Convert -8 (base 16) to base 2.
-1000
46 (base 11) to base 16
32
-2 (base 9) to base 16
-2
What is 39 (base 14) in base 7?
102
-10 (base 12) to base 8
-14
What is 1 (base 6) in base 12?
1
What is -13 (base 16) in base 12?
-17
-11000100 (base 2) to base 8
-304
Convert 110010 (base 2) to base 9.
55
24 (base 10) to base 12
20
Convert -25 (base 8) to base 6.
-33
17 (base 16) to base 15
18
Convert 5 (base 16) to base 9.
5
-2 (base 16) to base 6
-2
What is -22 (base 7) in base 8?
-20
Convert -16 (base 10) to base 7.
-22
Convert -26 (base 14) to base 7.
-46
What is -11 (base 6) in base 10?
-7
What is 131 (base 7) in base 5?
241
Convert 12a (base 13) to base 16.
cd
What is 1 (base 4) in base 10?
1
Convert -4 (base 7